6. Is m(n) prime?
False
Let x(i) = -503594*i**3 - i**2. Is x(-1) prime?
True
Let m(s) = -4*s + 83. Let p be m(20). Let l be 8355/(-6)*-4*1. Suppose -1663 = -p*b + l. Is b prime?
True
Suppose -5*o - 32 = 5*u - 2, 24 = -4*u + 4*o. Let g(m) = -120*m - 18. Let r(p) = -p + 1. Let y(n) = g(n) + 5*r(n). Is y(u) a prime number?
False
Suppose -16*c = -4*c - 4*r - 291752, -97244 = -4*c + 3*r. Is c a composite number?
True
Suppose -19*i + 225 - 92 = 0. Let o(t) = 3909*t - 52. Is o(i) prime?
False
Suppose 31*h = 464629 + 65223. Suppose 36*w + h - 70300 = 0. Is w prime?
False
Suppose 3*b - 27 = -5*g, 0*b + 5*g - 23 = -2*b. Suppose 0 = -b*c + 5*y + 117, -3*c - c + 4*y + 112 = 0. Let i = c + 914. Is i a composite number?
False
Suppose 6*i = -0*i + 20856. Suppose i + 10428 = -4*l. Let t = l - -5835. Is t prime?
False
Let l = -46 + 49. Let u be (9/l)/(24/(-16)). Is (-5)/((-200)/54664) + u/(-5) a composite number?
False
Suppose -2*c = -2*a + 14, 4*c - 3*a + a + 20 = 0. Is (760296/30)/2 - c/(-5) prime?
True
Let x be (816/20)/4 - (-1)/(-5). Suppose 4*r - x*r = -30. Suppose -6 = r*p - 3*p, -324 = -b - 5*p. Is b a prime number?
False
Let q be (-21)/1*9/(-27). Let r(u) = u**2 - 3*u - 21. Let i be r(q). Suppose -i*w + 251 = -6*w. Is w composite?
False
Let w be 11 + -17 - (4 + -14). Suppose -136 = -k - t - 4*t, 4*k = -5*t + 604. Suppose -w*f = -k - 0. Is f a composite number?
True
Let v(f) = 683*f - 306. Is v(5) prime?
True
Is ((-208)/(-624))/(-4 - 17405679/(-4351419)) a composite number?
False
Suppose -3*n + 24 = -7*w + 9*w, 3*n = -w + 15. Suppose w*m + 2*m - 88649 = 0. Is m prime?
True
Suppose -8*u + 9*u - 2831 = -f, -2*u + 5674 = -f. Let i = 4778 - u. Is i a prime number?
False
Let l(q) = 50*q**2 + 391*q + 133. Is l(36) prime?
False
Suppose 171 = -3*a + 1008. Suppose 0 = 19*n - 16*n - a. Is n a composite number?
True
Suppose 3868807 = 35*o - 13990475 + 1338617. Is o a prime number?
True
Suppose -8059*y + 9499400 = -8019*y. Is y a prime number?
False
Let o(r) = -r**3 - 16*r**2 - 57*r - 11. Let n be ((-5)/15)/((-4)/(-156)). Is o(n) prime?
True
Let s(z) = 5*z**2 + 32*z - 48. Suppose q - 21 = 2*b, 9*q = 14*q - 4*b - 81. Is s(q) prime?
True
Let w = -63 - -28. Let u = w + 66. Is (3/((-12)/(-40)))/(2/u) a prime number?
False
Let c(r) = -89167*r - 2750. Is c(-9) a composite number?
False
Let s(z) = 150*z**2 - 5*z + 8. Let k be s(-15). Suppose -14*j - k = -37*j. Is j a composite number?
False
Let j(a) = -2*a**3 - 2*a**2 + 9*a + 5. Let y be j(-4). Suppose -y*z + 16114 = -51*z. Is z composite?
False
Let j = 536729 + -263388. Is j a prime number?
False
Suppose 5*x - 65 = 2*g - 12, -5*x + 33 = 3*g. Is (6 - x) + (21272 - 4) composite?
True
Is -262303*(7 - 5)/2*1/(-1) prime?
True
Let z be (0 - 1)/(2/4). Suppose 0 = 5*o + r + 89, o + 25 = -2*r + 9. Is ((-15057)/o)/((-1)/(4/z)) prime?
False
Let v(g) = 5*g**2 + 1 - 9 + 7 - 11 + 7*g. Let a be v(-6). Let j = a - 52. Is j prime?
False
Let z be (-6)/(-57) + (-222)/(-57). Is (3 - z)/(7/(-5873)) a prime number?
True
Suppose 4*o - 5*y = -0*o + 243, -y = -2*o + 123. Let b = 118 - o. Suppose 0 = 54*p - b*p + 1414. Is p prime?
False
Suppose -4*l + 2*r = -2968232, 3*l - 872721 = -4*r + 1353442. Is l a prime number?
True
Suppose -2*c - 4*p = -0*p - 24, -3*p + 28 = 4*c. Suppose -c*t + 17886 = 2*h, 5*h - 2869 - 1589 = -t. Suppose 0*q = 9*q - t. Is q a prime number?
False
Suppose -14734902 - 20069633 = -225*h - 4580960. Is h a composite number?
False
Let k(z) = 58*z**3 + 2*z**2 - 3*z + 1. Let x be k(5). Suppose 0 = 20*h - x - 25174. Is h a composite number?
True
Let i be 2*33275/10 - 0/1. Let g = -4152 + i. Is g a composite number?
False
Let x(j) = j**2 + 15*j - 5. Let c be x(-15). Is (-27261)/(-15) - (-2)/c composite?
True
Let g(v) = 3*v**2 + 20*v + 412. Suppose 3*p = -49*p - 2028. Is g(p) a prime number?
False
Let i be (1 - -1)*-2966*12/24. Let a = i - -6799. Is a prime?
True
Suppose -6421 = -4*d - 2*c + 275, 2*c = 5*d - 8388. Suppose -4*m + 8*m - d = 5*b, 0 = -m + 3*b + 419. Is m composite?
False
Let c(b) = 21*b - 16. Let m be (5 + (-12)/(-2))/(1 - 0). Suppose 6*z = m*z - 65. Is c(z) prime?
True
Suppose j - 184817 = -28*j. Suppose -4*d = 3*x - j, 15*d = 19*d - 2*x - 6398. Is d a composite number?
False
Let t(b) = -56*b + 13. Let n be (4/18 + 470/(-90))*2. Let r be (-2)/(-8)*2*n. Is t(r) a prime number?
True
Let y(x) = -2*x**2 + 8*x. Let a be y(3). Suppose a*g - 5*g = -q + 482, q + 3*g = 482. Suppose z + 5*t - q = 0, -4*z + t + 1949 = -0*t. Is z a composite number?
False
Suppose -33*p = -217*p + 245424904. Is p a prime number?
True
Let f(r) = r**3 + 4*r**2 - 4*r + 5. Let k be f(-5). Suppose -281 = -58*b + 9. Is (-3)/6*(-1618 - k/b) prime?
True
Suppose -169*d + 45717537 = -5048320 - 40216476. Is d a composite number?
False
Suppose -15 + 15 = 3*u. Suppose u = -4*d + 18 + 6. Suppose -d*q + 1660 = -98. Is q a prime number?
True
Let l = -5454 + 7501. Let g(d) = d**2 - d + 1056. Let v be g(0). Let r = l - v. Is r a prime number?
True
Is (-9237)/21*(-2 + 1)*7 a prime number?
True
Let j = 135 - 130. Suppose -3458 = -2*n + 2*l, -34*n + 36*n - 3444 = -j*l. Is n composite?
True
Suppose 2*r - 8 + 1 = -j, 0 = 3*j - 4*r - 71. Let u(h) = 6*h**2 + 9*h - 48. Is u(j) a prime number?
False
Is 140148 - (9 - 10)*(-3)/(-3) a composite number?
True
Suppose -187*d - 7896056 + 32469165 = 0. Is d composite?
True
Let h = -16155 - -22832. Is h a composite number?
True
Let a be (-3 - 2)/((-8)/((-48)/6)). Is ((-794)/4)/(36/8 + a) prime?
True
Let x(h) be the first derivative of 583*h**3/3 - 9*h**2 - 20*h - 71. Is x(7) a prime number?
False
Suppose 2*z = 4*y - 3797044, 4*z - 469241 = -y + 480056. Is y a composite number?
True
Let c be 35/(-7) - (-1 + -6). Suppose 7863 + 164119 = c*r. Is r a composite number?
False
Let b be (22674/18 + -2)/(3/54). Suppose 10*k + b - 163588 = 0. Is k a prime number?
False
Suppose -10*s - 451 - 879 = 0. Let q = 136 + s. Is ((-5188)/(-4) - 0/q)*1 prime?
True
Suppose -4*l = -4*c + 8, 2*l + 1 - 3 = -c. Suppose -f = -2*n + 3*n - 4184, f - 5*n - 4202 = l. Is f a prime number?
False
Let k(w) = w**2 - 14*w + 51. Let m be k(8). Suppose 2*n - 2*l - 4552 = 10292, -5*n - m*l = -37150. Is n a prime number?
False
Let s be 1*24/6*1. Is 15420 + s + 27/9 a prime number?
True
Let p(v) = -1506*v**3 + 5*v**2 + 83*v + 381. Is p(-5) a composite number?
True
Let s = -70001 - -137448. Is s a prime number?
True
Let h(b) = 3*b**2 - 3*b - 25. Let l(z) = 3*z**2 + 15*z + 11. Let p be l(-9). Let q = 141 - p. Is h(q) prime?
True
Let f(y) = -12*y + 9. Let i be f(1). Let k(s) = -461*s**3 + 8*s**2 - s - 7. Is k(i) a composite number?
True
Let k = -122 + 125. Suppose -4*s - k*d + 1536 = -8*d, 5*s = 2*d + 1937. Is s prime?
True
Let a = -79 - -90. Suppose 0 = a*h + 473 - 3080. Is h prime?
False
Suppose 4*o - 5*x - 383678 = 0, -6*x + 8*x = -4. Is o a composite number?
False
Let t be 15 + -2 - (5 - 1). Suppose -2*c - t = -13. Suppose c*y - 2036 = -4*q, -q = -3*q - 4*y + 1006. Is q a prime number?
False
Let b(n) = n**2 + 14*n - 23. Let p be b(10). Suppose -h + 2*y = -p, -4*h + 526 = -4*y - 338. Is h a prime number?
False
Let g = -14 + 17. Let m = -20132 + 32927. Suppose -2*u + m = g*u. Is u composite?
True
Let n be 24/(-14)*(-12 - -19). Let c be (-2)/n - (-1910)/(-12). Is (-2)/6*1*c a composite number?
False
Let x(o) = o**2 + 6*o. Let r be x(-6). Suppose -l = -3*f - 7312, 4*f + r*f - 12 = 0. Is l prime?
True
Let g = 9893 + -5673. Suppose 12*d = 17*d - g. Suppose -9*c + 5*c = -d. Is c a composite number?
False
Suppose -j - 2*z = -141899 - 34216, -5*z + 528341 = 3*j. Is j composite?
True
Let v be 2/5 - 4378/(-5). Suppose -6*f = -3*k - 1104, 2*f + 718 = 16*k - 18*k. Let j = v + k. Is j composite?
True
Suppose -49510026 + 4433940 = -90*f - 108*f. Is f a prime number?
False
Let o(j) = -j + 9. Let l be o(-10). Suppose 4*n = -l + 27. Suppose t = n*f + 471, -459 = -t - f + 6*f. Is t a prime number?
True
Let a be 6 + 7 + -18 + 11. Suppose -o + 4*j = a*j - 6133, 4*j + 20 = 0. Is o prime?
True
Suppose 2*h = 5*r - 263337, -59606 + 322939 = 5*r + 2*h. Is r a prime number?
True
Let z(p) = p**2 + 3*p - 15. Let g be z(-9). Let a = g - 36. Is 1/(-1*(a + 1228/(-409))) prime?
True
Let l(y) = -y**2 - 6*y + 19. Let m be l(-8). Is 6/m + 1906 - -5 a composite number?
False
Suppose 3*u - 4 - 8 = k, 0 = 